{"id":1361,"date":"2025-07-14T19:07:57","date_gmt":"2025-07-14T19:07:57","guid":{"rendered":"http:\/\/bronteslogistics.com\/?page_id=1361"},"modified":"2025-07-16T11:18:51","modified_gmt":"2025-07-16T11:18:51","slug":"kurumsal","status":"publish","type":"page","link":"https:\/\/bronteslogistics.com\/?page_id=1361","title":{"rendered":"Kurumsal"},"content":{"rendered":"\t\t<div data-elementor-type=\"wp-page\" data-elementor-id=\"1361\" class=\"elementor elementor-1361\">\n\t\t\t\t<div class=\"elementor-element elementor-element-ed44c09 e-flex e-con-boxed wpr-particle-no wpr-jarallax-no wpr-parallax-no wpr-sticky-section-no wpr-equal-height-no e-con e-parent\" data-id=\"ed44c09\" data-element_type=\"container\" data-e-type=\"container\" data-settings=\"{&quot;background_background&quot;:&quot;classic&quot;}\">\n\t\t\t\t\t<div class=\"e-con-inner\">\n\t\t\t\t<div class=\"elementor-element elementor-element-0d537fa elementor-invisible elementor-widget elementor-widget-heading\" data-id=\"0d537fa\" data-element_type=\"widget\" data-e-type=\"widget\" data-settings=\"{&quot;_animation&quot;:&quot;fadeIn&quot;}\" data-widget_type=\"heading.default\">\n\t\t\t\t\t<h1 class=\"elementor-heading-title elementor-size-default\">Kurumsal<\/h1>\t\t\t\t<\/div>\n\t\t\t\t\t<\/div>\n\t\t\t\t<\/div>\n\t\t<div class=\"elementor-element elementor-element-b0c3db5 e-flex e-con-boxed wpr-particle-no wpr-jarallax-no wpr-parallax-no wpr-sticky-section-no wpr-equal-height-no e-con e-parent\" data-id=\"b0c3db5\" data-element_type=\"container\" data-e-type=\"container\">\n\t\t\t\t\t<div class=\"e-con-inner\">\n\t\t<div class=\"elementor-element elementor-element-8d52da5 e-con-full e-flex wpr-particle-no wpr-jarallax-no wpr-parallax-no wpr-sticky-section-no wpr-equal-height-no elementor-invisible e-con e-child\" data-id=\"8d52da5\" data-element_type=\"container\" data-e-type=\"container\" data-settings=\"{&quot;animation&quot;:&quot;slideInLeft&quot;}\">\n\t\t\t\t<div class=\"elementor-element elementor-element-9a27454 elementor-widget elementor-widget-heading\" data-id=\"9a27454\" data-element_type=\"widget\" data-e-type=\"widget\" data-widget_type=\"heading.default\">\n\t\t\t\t\t<h2 class=\"elementor-heading-title elementor-size-default\">Lojistik \u00c7\u00f6z\u00fcmler<\/h2>\t\t\t\t<\/div>\n\t\t\t\t<div class=\"elementor-element elementor-element-0283402 elementor-widget elementor-widget-text-editor\" data-id=\"0283402\" data-element_type=\"widget\" data-e-type=\"widget\" data-widget_type=\"text-editor.default\">\n\t\t\t\t\t\t\t\t\t<p>Brontes Logistics, m\u00fc\u015fteri talep ve ihtiya\u00e7lar\u0131n\u0131 saptay\u0131p ge\u00e7mi\u015f tecr\u00fcbeleri ve yeni nesil ta\u015f\u0131ma ko\u015fullar\u0131n\u0131 harmanlayarak fiyatlarda uygun ve servis kalitesini g\u00fcn\u00fcm\u00fcze uyarlam\u0131\u015f \u015fekilde hizmet faaliyetlerini ger\u00e7ekle\u015ftirmektedir.<\/p><p>\u0130stanbul merkezli kurulu\u015fumuz a\u011f\u0131rl\u0131kl\u0131 olarak kara yolu ta\u015f\u0131mac\u0131l\u0131\u011f\u0131nda hizmet sunmakta olup kalite standartlar\u0131 do\u011frultusunda T\u00fcrkiye ekonomisine ve payda\u015flar\u0131n\u0131n \u00e7\u00f6z\u00fcm aray\u0131\u015flar\u0131na destek sa\u011flamaktad\u0131r.<\/p><p>Brontes Logistics, sekt\u00f6rel heyecan\u0131n\u0131 koruyarak, edindi\u011fi tecr\u00fcbeler ile s\u00fcrd\u00fcr\u00fclebilirlik ad\u0131na hizmet sa\u011flad\u0131\u011f\u0131 co\u011frafi b\u00f6lgeyi her ge\u00e7en g\u00fcn geni\u015fletmekte olup global d\u00fcnyam\u0131z\u0131n her rotas\u0131na ad\u0131n\u0131 duyurma hedefindedir.<\/p><p>Avrupa \u00fclkelerinde sa\u011flad\u0131\u011f\u0131m\u0131z g\u00fcvenilir ve m\u00fc\u015fteri odakl\u0131 acente a\u011f\u0131m\u0131z ve t\u00fcm b\u00f6lgelerde ald\u0131\u011f\u0131m\u0131z depolama hizmeti ile \u00e7\u00f6z\u00fcm ortaklar\u0131m\u0131za terminlerimizden ve kalite seviyemizden \u00f6d\u00fcn vermeden ula\u015fabilmenin mutlulu\u011funu ya\u015f\u0131yoruz. M\u00fc\u015fterilerimizden, acente a\u011f\u0131m\u0131zdan ve \u00e7al\u0131\u015fanlar\u0131m\u0131zdan gelen g\u00fcven duygusu, kar\u015f\u0131m\u0131za \u00e7\u0131kabilecek t\u00fcm zorluklara kar\u015f\u0131 bizlere cesaret vermektedir.<\/p>\t\t\t\t\t\t\t\t<\/div>\n\t\t\t\t<\/div>\n\t\t\t\t\t<\/div>\n\t\t\t\t<\/div>\n\t\t<div class=\"elementor-element elementor-element-3d4e760 e-flex e-con-boxed wpr-particle-no wpr-jarallax-no wpr-parallax-no wpr-sticky-section-no wpr-equal-height-no e-con e-parent\" data-id=\"3d4e760\" data-element_type=\"container\" data-e-type=\"container\" data-settings=\"{&quot;background_background&quot;:&quot;classic&quot;}\">\n\t\t\t\t\t<div class=\"e-con-inner\">\n\t\t<div class=\"elementor-element elementor-element-5c07bb6 e-flex e-con-boxed wpr-particle-no wpr-jarallax-no wpr-parallax-no wpr-sticky-section-no wpr-equal-height-no elementor-invisible e-con e-child\" data-id=\"5c07bb6\" data-element_type=\"container\" data-e-type=\"container\" data-settings=\"{&quot;animation&quot;:&quot;slideInDown&quot;}\">\n\t\t\t\t\t<div class=\"e-con-inner\">\n\t\t<div class=\"elementor-element elementor-element-4bab969 e-flex e-con-boxed wpr-particle-no wpr-jarallax-no wpr-parallax-no wpr-sticky-section-no wpr-equal-height-no e-con e-child\" data-id=\"4bab969\" data-element_type=\"container\" data-e-type=\"container\">\n\t\t\t\t\t<div class=\"e-con-inner\">\n\t\t\t\t<div class=\"elementor-element elementor-element-bebec02 elementor-widget elementor-widget-heading\" data-id=\"bebec02\" data-element_type=\"widget\" data-e-type=\"widget\" data-widget_type=\"heading.default\">\n\t\t\t\t\t<h2 class=\"elementor-heading-title elementor-size-default\">Brontes Politikas\u0131<\/h2>\t\t\t\t<\/div>\n\t\t\t\t<div class=\"elementor-element elementor-element-beb9319 elementor-icon-list--layout-traditional elementor-list-item-link-full_width elementor-widget elementor-widget-icon-list\" data-id=\"beb9319\" data-element_type=\"widget\" data-e-type=\"widget\" data-widget_type=\"icon-list.default\">\n\t\t\t\t\t\t\t<ul class=\"elementor-icon-list-items\">\n\t\t\t\t\t\t\t<li class=\"elementor-icon-list-item\">\n\t\t\t\t\t\t\t\t\t\t\t<span class=\"elementor-icon-list-icon\">\n\t\t\t\t\t\t\t<svg aria-hidden=\"true\" class=\"e-font-icon-svg e-fas-check\" viewBox=\"0 0 512 512\" xmlns=\"http:\/\/www.w3.org\/2000\/svg\"><path d=\"M173.898 439.404l-166.4-166.4c-9.997-9.997-9.997-26.206 0-36.204l36.203-36.204c9.997-9.998 26.207-9.998 36.204 0L192 312.69 432.095 72.596c9.997-9.997 26.207-9.997 36.204 0l36.203 36.204c9.997 9.997 9.997 26.206 0 36.204l-294.4 294.401c-9.998 9.997-26.207 9.997-36.204-.001z\"><\/path><\/svg>\t\t\t\t\t\t<\/span>\n\t\t\t\t\t\t\t\t\t\t<span class=\"elementor-icon-list-text\">G\u00fcven<\/span>\n\t\t\t\t\t\t\t\t\t<\/li>\n\t\t\t\t\t\t\t\t<li class=\"elementor-icon-list-item\">\n\t\t\t\t\t\t\t\t\t\t\t<span class=\"elementor-icon-list-icon\">\n\t\t\t\t\t\t\t<svg aria-hidden=\"true\" class=\"e-font-icon-svg e-fas-check\" viewBox=\"0 0 512 512\" xmlns=\"http:\/\/www.w3.org\/2000\/svg\"><path d=\"M173.898 439.404l-166.4-166.4c-9.997-9.997-9.997-26.206 0-36.204l36.203-36.204c9.997-9.998 26.207-9.998 36.204 0L192 312.69 432.095 72.596c9.997-9.997 26.207-9.997 36.204 0l36.203 36.204c9.997 9.997 9.997 26.206 0 36.204l-294.4 294.401c-9.998 9.997-26.207 9.997-36.204-.001z\"><\/path><\/svg>\t\t\t\t\t\t<\/span>\n\t\t\t\t\t\t\t\t\t\t<span class=\"elementor-icon-list-text\">Tecr\u00fcbe<\/span>\n\t\t\t\t\t\t\t\t\t<\/li>\n\t\t\t\t\t\t\t\t<li class=\"elementor-icon-list-item\">\n\t\t\t\t\t\t\t\t\t\t\t<span class=\"elementor-icon-list-icon\">\n\t\t\t\t\t\t\t<svg aria-hidden=\"true\" class=\"e-font-icon-svg e-fas-check\" viewBox=\"0 0 512 512\" xmlns=\"http:\/\/www.w3.org\/2000\/svg\"><path d=\"M173.898 439.404l-166.4-166.4c-9.997-9.997-9.997-26.206 0-36.204l36.203-36.204c9.997-9.998 26.207-9.998 36.204 0L192 312.69 432.095 72.596c9.997-9.997 26.207-9.997 36.204 0l36.203 36.204c9.997 9.997 9.997 26.206 0 36.204l-294.4 294.401c-9.998 9.997-26.207 9.997-36.204-.001z\"><\/path><\/svg>\t\t\t\t\t\t<\/span>\n\t\t\t\t\t\t\t\t\t\t<span class=\"elementor-icon-list-text\">Kalite<\/span>\n\t\t\t\t\t\t\t\t\t<\/li>\n\t\t\t\t\t\t<\/ul>\n\t\t\t\t\t\t<\/div>\n\t\t\t\t\t<\/div>\n\t\t\t\t<\/div>\n\t\t<div class=\"elementor-element elementor-element-8762244 e-flex e-con-boxed wpr-particle-no wpr-jarallax-no wpr-parallax-no wpr-sticky-section-no wpr-equal-height-no e-con e-child\" data-id=\"8762244\" data-element_type=\"container\" data-e-type=\"container\">\n\t\t\t\t\t<div class=\"e-con-inner\">\n\t\t\t\t<div class=\"elementor-element elementor-element-d78e970 elementor-widget elementor-widget-text-editor\" data-id=\"d78e970\" data-element_type=\"widget\" data-e-type=\"widget\" data-widget_type=\"text-editor.default\">\n\t\t\t\t\t\t\t\t\t<p>Y\u00f6nelimimiz, S\u00fcrekli de\u011fi\u015fen ve geli\u015fen lojistik ko\u015fullar\u0131na kar\u015f\u0131 daima payda\u015flar\u0131m\u0131z\u0131n memnuniyeti ve ihtiya\u00e7lar\u0131 esas al\u0131narak devam etmek, bu vesileyle her rotaya ula\u015fmak ve her rotada tercih edilen \u00f6nc\u00fc firmalardan olmakt\u0131r.<\/p><p>G\u00fcvenilir ve \u00e7\u00f6z\u00fcm odakl\u0131l\u0131\u011f\u0131 s\u00fcrekli k\u0131lmak, \u00c7evreye duyarl\u0131 ve kaynaklar\u0131 etkin kullanan bir kurulu\u015f olmak, \u00c7al\u0131\u015fanlar\u0131m\u0131z\u0131n e\u011fitimini ve geli\u015fimini destekleyerek, en b\u00fcy\u00fck de\u011fer olduklar\u0131 bilincini korumak, Sat\u0131n alma politikar\u0131m\u0131za payda\u015f talepleri odakl\u0131 y\u00f6n vermek, \u00c7\u00f6z\u00fcmlerin h\u0131zland\u0131r\u0131lmas\u0131 ad\u0131na gerekli teknolojik alt yap\u0131y\u0131 geli\u015ftirmek Uluslararas\u0131 kalite standartlar\u0131 do\u011frultusunda, i\u015f ortaklar\u0131m\u0131za en h\u0131zl\u0131 ve kaliteli hizmeti sa\u011flamak temel ilkelerimizdir.<\/p>\t\t\t\t\t\t\t\t<\/div>\n\t\t\t\t\t<\/div>\n\t\t\t\t<\/div>\n\t\t\t\t\t<\/div>\n\t\t\t\t<\/div>\n\t\t\t\t<div class=\"elementor-element elementor-element-4159e26 elementor-widget-divider--view-line elementor-widget elementor-widget-divider\" data-id=\"4159e26\" data-element_type=\"widget\" data-e-type=\"widget\" data-widget_type=\"divider.default\">\n\t\t\t\t\t\t\t<div class=\"elementor-divider\">\n\t\t\t<span class=\"elementor-divider-separator\">\n\t\t\t\t\t\t<\/span>\n\t\t<\/div>\n\t\t\t\t\t\t<\/div>\n\t\t\t\t\t<\/div>\n\t\t\t\t<\/div>\n\t\t<div class=\"elementor-element elementor-element-3304717 e-flex e-con-boxed wpr-particle-no wpr-jarallax-no wpr-parallax-no wpr-sticky-section-no wpr-equal-height-no e-con e-parent\" data-id=\"3304717\" data-element_type=\"container\" data-e-type=\"container\">\n\t\t\t\t\t<div class=\"e-con-inner\">\n\t\t<div class=\"elementor-element elementor-element-61eacde e-con-full e-flex wpr-particle-no wpr-jarallax-no wpr-parallax-no wpr-sticky-section-no wpr-equal-height-no elementor-invisible e-con e-child\" data-id=\"61eacde\" data-element_type=\"container\" data-e-type=\"container\" data-settings=\"{&quot;animation&quot;:&quot;fadeIn&quot;}\">\n\t\t\t\t<div class=\"elementor-element elementor-element-c8f5d00 elementor-widget elementor-widget-image\" data-id=\"c8f5d00\" data-element_type=\"widget\" data-e-type=\"widget\" data-widget_type=\"image.default\">\n\t\t\t\t\t\t\t\t\t\t\t\t\t\t\t<img fetchpriority=\"high\" decoding=\"async\" width=\"745\" height=\"800\" src=\"https:\/\/bronteslogistics.com\/wp-content\/uploads\/2024\/06\/Project-5.jpg\" class=\"attachment-large size-large wp-image-393\" alt=\"\" srcset=\"https:\/\/bronteslogistics.com\/wp-content\/uploads\/2024\/06\/Project-5.jpg 745w, https:\/\/bronteslogistics.com\/wp-content\/uploads\/2024\/06\/Project-5-279x300.jpg 279w\" sizes=\"(max-width: 745px) 100vw, 745px\" \/>\t\t\t\t\t\t\t\t\t\t\t\t\t\t\t<\/div>\n\t\t\t\t<\/div>\n\t\t<div class=\"elementor-element elementor-element-fc74375 e-grid e-con-full wpr-particle-no wpr-jarallax-no wpr-parallax-no wpr-sticky-section-no wpr-equal-height-no e-con e-child\" data-id=\"fc74375\" data-element_type=\"container\" data-e-type=\"container\">\n\t\t\t\t<div class=\"elementor-element elementor-element-b39a11f elementor-position-top elementor-invisible elementor-widget elementor-widget-image-box\" data-id=\"b39a11f\" data-element_type=\"widget\" data-e-type=\"widget\" data-settings=\"{&quot;_animation&quot;:&quot;zoomIn&quot;}\" data-widget_type=\"image-box.default\">\n\t\t\t\t\t<div class=\"elementor-image-box-wrapper\"><figure class=\"elementor-image-box-img\"><img decoding=\"async\" width=\"400\" height=\"400\" src=\"https:\/\/bronteslogistics.com\/wp-content\/uploads\/2024\/06\/Icons-1-1.png\" class=\"attachment-full size-full wp-image-555\" alt=\"\" srcset=\"https:\/\/bronteslogistics.com\/wp-content\/uploads\/2024\/06\/Icons-1-1.png 400w, https:\/\/bronteslogistics.com\/wp-content\/uploads\/2024\/06\/Icons-1-1-300x300.png 300w, https:\/\/bronteslogistics.com\/wp-content\/uploads\/2024\/06\/Icons-1-1-150x150.png 150w\" sizes=\"(max-width: 400px) 100vw, 400px\" \/><\/figure><div class=\"elementor-image-box-content\"><h3 class=\"elementor-image-box-title\">De\u011ferlerimiz<\/h3><p class=\"elementor-image-box-description\">Firmam\u0131z lojistik zincirinde bulunan t\u00fcm ba\u011flant\u0131lar\u0131na ve \u00e7al\u0131\u015fanlar\u0131na kar\u015f\u0131 \u015feffaf, \u00e7evreye kar\u015f\u0131 duyarl\u0131, teknolojik altyap\u0131s\u0131 ile servis kalitesine h\u0131z kazand\u0131ran t\u00fcm yenilik ve geli\u015fmelere a\u00e7\u0131k \u00e7\u00f6z\u00fcm orta\u011f\u0131d\u0131r.<\/p><\/div><\/div>\t\t\t\t<\/div>\n\t\t\t\t<div class=\"elementor-element elementor-element-cf53db0 elementor-position-top elementor-invisible elementor-widget elementor-widget-image-box\" data-id=\"cf53db0\" data-element_type=\"widget\" data-e-type=\"widget\" data-settings=\"{&quot;_animation&quot;:&quot;zoomIn&quot;,&quot;_animation_delay&quot;:100}\" data-widget_type=\"image-box.default\">\n\t\t\t\t\t<div class=\"elementor-image-box-wrapper\"><figure class=\"elementor-image-box-img\"><img decoding=\"async\" width=\"400\" height=\"400\" src=\"https:\/\/bronteslogistics.com\/wp-content\/uploads\/2024\/06\/Icons-1-5.png\" class=\"attachment-full size-full wp-image-559\" alt=\"\" srcset=\"https:\/\/bronteslogistics.com\/wp-content\/uploads\/2024\/06\/Icons-1-5.png 400w, https:\/\/bronteslogistics.com\/wp-content\/uploads\/2024\/06\/Icons-1-5-300x300.png 300w, https:\/\/bronteslogistics.com\/wp-content\/uploads\/2024\/06\/Icons-1-5-150x150.png 150w\" sizes=\"(max-width: 400px) 100vw, 400px\" \/><\/figure><div class=\"elementor-image-box-content\"><h3 class=\"elementor-image-box-title\">Vizyonumuz<\/h3><p class=\"elementor-image-box-description\">Global pazarda \u00fclkemizi temsil eden \u00f6nc\u00fc isimlerden olmak<\/p><\/div><\/div>\t\t\t\t<\/div>\n\t\t\t\t<div class=\"elementor-element elementor-element-8023ebf elementor-position-top elementor-invisible elementor-widget elementor-widget-image-box\" data-id=\"8023ebf\" data-element_type=\"widget\" data-e-type=\"widget\" data-settings=\"{&quot;_animation&quot;:&quot;zoomIn&quot;,&quot;_animation_delay&quot;:200}\" data-widget_type=\"image-box.default\">\n\t\t\t\t\t<div class=\"elementor-image-box-wrapper\"><figure class=\"elementor-image-box-img\"><img loading=\"lazy\" decoding=\"async\" width=\"400\" height=\"400\" src=\"https:\/\/bronteslogistics.com\/wp-content\/uploads\/2024\/06\/Icons-1-6.png\" class=\"attachment-full size-full wp-image-560\" alt=\"\" srcset=\"https:\/\/bronteslogistics.com\/wp-content\/uploads\/2024\/06\/Icons-1-6.png 400w, https:\/\/bronteslogistics.com\/wp-content\/uploads\/2024\/06\/Icons-1-6-300x300.png 300w, https:\/\/bronteslogistics.com\/wp-content\/uploads\/2024\/06\/Icons-1-6-150x150.png 150w\" sizes=\"(max-width: 400px) 100vw, 400px\" \/><\/figure><div class=\"elementor-image-box-content\"><h3 class=\"elementor-image-box-title\">Misyonumuz<\/h3><p class=\"elementor-image-box-description\">Uluslararas\u0131 ta\u015f\u0131mac\u0131l\u0131k ve lojistik faaliyetlerinde, hizmet kalitesinden \u00f6d\u00fcn vermeden \u00e7\u00f6z\u00fcm ortaklar\u0131m\u0131z\u0131n ve \u00e7al\u0131\u015fanlar\u0131m\u0131z\u0131n sa\u011flad\u0131\u011f\u0131 kar\u015f\u0131l\u0131kl\u0131 g\u00fcven ili\u015fkisinin verdi\u011fi dinamizm ile en etkin \u015fekilde global pazarda s\u00fcreklili\u011fi esas alarak hizmet sa\u011flamak<\/p><\/div><\/div>\t\t\t\t<\/div>\n\t\t\t\t<\/div>\n\t\t\t\t\t<\/div>\n\t\t\t\t<\/div>\n\t\t<div class=\"elementor-element elementor-element-11dc9be e-flex e-con-boxed wpr-particle-no wpr-jarallax-no wpr-parallax-no wpr-sticky-section-no wpr-equal-height-no e-con e-parent\" data-id=\"11dc9be\" data-element_type=\"container\" data-e-type=\"container\" data-settings=\"{&quot;background_background&quot;:&quot;classic&quot;}\">\n\t\t\t\t\t<div class=\"e-con-inner\">\n\t\t<div class=\"elementor-element elementor-element-9f2dabc e-flex e-con-boxed wpr-particle-no wpr-jarallax-no wpr-parallax-no wpr-sticky-section-no wpr-equal-height-no elementor-invisible e-con e-child\" data-id=\"9f2dabc\" data-element_type=\"container\" data-e-type=\"container\" data-settings=\"{&quot;animation&quot;:&quot;slideInDown&quot;}\">\n\t\t\t\t\t<div class=\"e-con-inner\">\n\t\t<div class=\"elementor-element elementor-element-2a83b34 e-flex e-con-boxed wpr-particle-no wpr-jarallax-no wpr-parallax-no wpr-sticky-section-no wpr-equal-height-no e-con e-child\" data-id=\"2a83b34\" data-element_type=\"container\" data-e-type=\"container\">\n\t\t\t\t\t<div class=\"e-con-inner\">\n\t\t\t\t<div class=\"elementor-element elementor-element-22d2492 elementor-widget elementor-widget-heading\" data-id=\"22d2492\" data-element_type=\"widget\" data-e-type=\"widget\" data-widget_type=\"heading.default\">\n\t\t\t\t\t<h2 class=\"elementor-heading-title elementor-size-default\">\u00dccretsiz dan\u0131\u015fmanl\u0131k i\u00e7in bize ula\u015f\u0131n<\/h2>\t\t\t\t<\/div>\n\t\t\t\t\t<\/div>\n\t\t\t\t<\/div>\n\t\t\t\t\t<\/div>\n\t\t\t\t<\/div>\n\t\t\t\t<div class=\"elementor-element elementor-element-076cc5b elementor-widget-divider--view-line elementor-widget elementor-widget-divider\" data-id=\"076cc5b\" data-element_type=\"widget\" data-e-type=\"widget\" data-widget_type=\"divider.default\">\n\t\t\t\t\t\t\t<div class=\"elementor-divider\">\n\t\t\t<span class=\"elementor-divider-separator\">\n\t\t\t\t\t\t<\/span>\n\t\t<\/div>\n\t\t\t\t\t\t<\/div>\n\t\t\t\t\t<\/div>\n\t\t\t\t<\/div>\n\t\t\t\t<\/div>\n\t\t","protected":false},"excerpt":{"rendered":"<p>Kurumsal Lojistik \u00c7\u00f6z\u00fcmler Brontes Logistics, m\u00fc\u015fteri talep ve ihtiya\u00e7lar\u0131n\u0131 saptay\u0131p ge\u00e7mi\u015f tecr\u00fcbeleri ve yeni nesil ta\u015f\u0131ma ko\u015fullar\u0131n\u0131 harmanlayarak fiyatlarda uygun ve servis kalitesini g\u00fcn\u00fcm\u00fcze uyarlam\u0131\u015f \u015fekilde hizmet faaliyetlerini ger\u00e7ekle\u015ftirmektedir. \u0130stanbul merkezli kurulu\u015fumuz a\u011f\u0131rl\u0131kl\u0131 olarak kara yolu ta\u015f\u0131mac\u0131l\u0131\u011f\u0131nda hizmet sunmakta olup kalite standartlar\u0131 do\u011frultusunda T\u00fcrkiye ekonomisine ve payda\u015flar\u0131n\u0131n \u00e7\u00f6z\u00fcm aray\u0131\u015flar\u0131na destek sa\u011flamaktad\u0131r. Brontes Logistics, sekt\u00f6rel heyecan\u0131n\u0131 koruyarak, edindi\u011fi tecr\u00fcbeler ile s\u00fcrd\u00fcr\u00fclebilirlik ad\u0131na hizmet sa\u011flad\u0131\u011f\u0131 co\u011frafi b\u00f6lgeyi her ge\u00e7en g\u00fcn geni\u015fletmekte olup global d\u00fcnyam\u0131z\u0131n her rotas\u0131na ad\u0131n\u0131 duyurma hedefindedir. Avrupa \u00fclkelerinde sa\u011flad\u0131\u011f\u0131m\u0131z g\u00fcvenilir ve m\u00fc\u015fteri odakl\u0131 acente a\u011f\u0131m\u0131z ve t\u00fcm b\u00f6lgelerde ald\u0131\u011f\u0131m\u0131z depolama hizmeti ile \u00e7\u00f6z\u00fcm ortaklar\u0131m\u0131za terminlerimizden ve kalite seviyemizden \u00f6d\u00fcn vermeden ula\u015fabilmenin mutlulu\u011funu ya\u015f\u0131yoruz. M\u00fc\u015fterilerimizden, acente a\u011f\u0131m\u0131zdan ve \u00e7al\u0131\u015fanlar\u0131m\u0131zdan gelen g\u00fcven duygusu, kar\u015f\u0131m\u0131za \u00e7\u0131kabilecek t\u00fcm zorluklara kar\u015f\u0131 bizlere cesaret vermektedir. Brontes Politikas\u0131 G\u00fcven Tecr\u00fcbe Kalite Y\u00f6nelimimiz, S\u00fcrekli de\u011fi\u015fen ve geli\u015fen lojistik ko\u015fullar\u0131na kar\u015f\u0131 daima payda\u015flar\u0131m\u0131z\u0131n memnuniyeti ve ihtiya\u00e7lar\u0131 esas al\u0131narak devam etmek, bu vesileyle her rotaya ula\u015fmak ve her rotada tercih edilen \u00f6nc\u00fc firmalardan olmakt\u0131r. G\u00fcvenilir ve \u00e7\u00f6z\u00fcm odakl\u0131l\u0131\u011f\u0131 s\u00fcrekli k\u0131lmak, \u00c7evreye duyarl\u0131 ve kaynaklar\u0131 etkin kullanan bir kurulu\u015f olmak, \u00c7al\u0131\u015fanlar\u0131m\u0131z\u0131n e\u011fitimini ve geli\u015fimini destekleyerek, en b\u00fcy\u00fck de\u011fer olduklar\u0131 bilincini korumak, Sat\u0131n alma politikar\u0131m\u0131za payda\u015f talepleri odakl\u0131 y\u00f6n vermek, \u00c7\u00f6z\u00fcmlerin h\u0131zland\u0131r\u0131lmas\u0131 ad\u0131na gerekli teknolojik alt yap\u0131y\u0131 geli\u015ftirmek Uluslararas\u0131 kalite standartlar\u0131 do\u011frultusunda, i\u015f ortaklar\u0131m\u0131za en h\u0131zl\u0131 ve kaliteli hizmeti sa\u011flamak temel ilkelerimizdir. De\u011ferlerimiz Firmam\u0131z lojistik zincirinde bulunan t\u00fcm ba\u011flant\u0131lar\u0131na ve \u00e7al\u0131\u015fanlar\u0131na kar\u015f\u0131 \u015feffaf, \u00e7evreye kar\u015f\u0131 duyarl\u0131, teknolojik altyap\u0131s\u0131 ile servis kalitesine h\u0131z kazand\u0131ran t\u00fcm yenilik ve geli\u015fmelere a\u00e7\u0131k \u00e7\u00f6z\u00fcm orta\u011f\u0131d\u0131r. Vizyonumuz Global pazarda \u00fclkemizi temsil eden \u00f6nc\u00fc isimlerden olmak Misyonumuz Uluslararas\u0131 ta\u015f\u0131mac\u0131l\u0131k ve lojistik faaliyetlerinde, hizmet kalitesinden \u00f6d\u00fcn vermeden \u00e7\u00f6z\u00fcm ortaklar\u0131m\u0131z\u0131n ve \u00e7al\u0131\u015fanlar\u0131m\u0131z\u0131n sa\u011flad\u0131\u011f\u0131 kar\u015f\u0131l\u0131kl\u0131 g\u00fcven ili\u015fkisinin verdi\u011fi dinamizm ile en etkin \u015fekilde global pazarda s\u00fcreklili\u011fi esas alarak hizmet sa\u011flamak \u00dccretsiz dan\u0131\u015fmanl\u0131k i\u00e7in bize ula\u015f\u0131n<\/p>\n","protected":false},"author":1,"featured_media":0,"parent":0,"menu_order":0,"comment_status":"closed","ping_status":"closed","template":"elementor_canvas","meta":{"footnotes":""},"class_list":["post-1361","page","type-page","status-publish","hentry"],"acf":[],"_links":{"self":[{"href":"https:\/\/bronteslogistics.com\/index.php?rest_route=\/wp\/v2\/pages\/1361","targetHints":{"allow":["GET"]}}],"collection":[{"href":"https:\/\/bronteslogistics.com\/index.php?rest_route=\/wp\/v2\/pages"}],"about":[{"href":"https:\/\/bronteslogistics.com\/index.php?rest_route=\/wp\/v2\/types\/page"}],"author":[{"embeddable":true,"href":"https:\/\/bronteslogistics.com\/index.php?rest_route=\/wp\/v2\/users\/1"}],"replies":[{"embeddable":true,"href":"https:\/\/bronteslogistics.com\/index.php?rest_route=%2Fwp%2Fv2%2Fcomments&post=1361"}],"version-history":[{"count":13,"href":"https:\/\/bronteslogistics.com\/index.php?rest_route=\/wp\/v2\/pages\/1361\/revisions"}],"predecessor-version":[{"id":1524,"href":"https:\/\/bronteslogistics.com\/index.php?rest_route=\/wp\/v2\/pages\/1361\/revisions\/1524"}],"wp:attachment":[{"href":"https:\/\/bronteslogistics.com\/index.php?rest_route=%2Fwp%2Fv2%2Fmedia&parent=1361"}],"curies":[{"name":"wp","href":"https:\/\/api.w.org\/{rel}","templated":true}]}}